 -22330?
-22321
In base 12, what is -27a - -2?
-278
In base 10, what is -1 + -281?
-282
In base 8, what is -15 - 3?
-20
In base 3, what is 20000 + -11?
12212
In base 10, what is 6 + 106?
112
In base 10, what is 61 - -7?
68
In base 4, what is 2111022 + 3?
2111031
In base 10, what is 1069 + 4?
1073
In base 12, what is a056 - 1?
a055
In base 8, what is 7 - 14?
-5
In base 15, what is -7a - 8?
-83
In base 12, what is a4 - -85?
169
In base 5, what is 1011 - 203?
303
In base 8, what is -73 + 4?
-67
In base 10, what is -20 + 351?
331
In base 16, what is 4 - -44?
48
In base 3, what is -10 - 2122?
-2202
In base 7, what is 5 - 6106?
-6101
In base 15, what is -3 + b7?
b4
In base 5, what is 4340 + -13?
4322
In base 14, what is -abd + 2?
-abb
In base 7, what is 2 - 53?
-51
In base 16, what is -4ee + -3?
-4f1
In base 13, what is -2c1 + -4?
-2c5
In base 15, what is -27a - -1?
-279
In base 12, what is -46 + 2?
-44
In base 15, what is -ea + -6?
-101
In base 9, what is -42 + 1?
-41
In base 11, what is 21 + 94?
105
In base 3, what is -11 - -121120?
121102
In base 2, what is 10 + 1011011100111?
1011011101001
In base 3, what is 1 - -2010?
2011
In base 5, what is 2 - 143124?
-143122
In base 16, what is -59 + 4?
-55
In base 3, what is -12 + 102?
20
In base 6, what is -13 - 11?
-24
In base 3, what is -11 - -11012?
11001
In base 11, what is -4 + -32?
-36
In base 12, what is -5 - -402?
3b9
In base 8, what is -574 + -5?
-601
In base 11, what is -187 + 18?
-16a
In base 6, what is 2 + -4334?
-4332
In base 6, what is 1331 - -4?
1335
In base 5, what is -103 - -2341?
2233
In base 6, what is -1041 - -134?
-503
In base 9, what is -577 + 1?
-576
In base 16, what is 4 - -248?
24c
In base 8, what is 5 + 27?
34
In base 10, what is -2 - -29?
27
In base 11, what is -35 - -2?
-33
In base 10, what is -191 - -3?
-188
In base 10, what is 1 + -104?
-103
In base 8, what is 302 - -1?
303
In base 5, what is 432 + -13?
414
In base 16, what is -c4 + -1?
-c5
In base 13, what is 5 + 820?
825
In base 10, what is -3 - 671?
-674
In base 15, what is -1 + 9?
8
In base 13, what is -19 + -1?
-1a
In base 15, what is -4 + -117d?
-1182
In base 15, what is -2 - d?
-10
In base 7, what is -242 + 2?
-240
In base 3, what is -12 - 2201?
-2220
In base 5, what is 4 + 14041?
14100
In base 2, what is -11010100 + 10?
-11010010
In base 13, what is -c - 1?
-10
In base 7, what is -204 - -32?
-142
In base 15, what is -14 - -a?
-9
In base 10, what is -2423 - 5?
-2428
In base 13, what is 4a + -5?
45
In base 5, what is -21 + 0?
-21
In base 5, what is 4 - -20420?
20424
In base 7, what is -1253 + 3?
-1250
In base 11, what is 5 - -2a3?
2a8
In base 8, what is 2 + 6?
10
In base 8, what is 17 + 17?
36
In base 7, what is -25 + -124?
-152
In base 8, what is 0 + -54?
-54
In base 11, what is 6 + -3?
3
In base 5, what is -2430 - -14?
-2411
In base 3, what is 2100 + -2?
2021
In base 3, what is -12 - 1012022?
-1012111
In base 13, what is 2a - -7?
34
In base 13, what is -4 - -5b?
57
In base 5, what is 0 + 123313?
123313
In base 6, what is -112 - -1?
-111
In base 4, what is 3021 + 10?
3031
In base 13, what is 4 - 280?
-279
In base 3, what is 10 - -10102?
10112
In base 9, what is -402 + 4?
-387
In base 15, what is 3 - b95?
-b92
In base 4, what is -1 - 2201?
-2202
In base 4, what is -1 + 300?
233
In base 15, what is 2 + 6?
8
In base 11, what is -2 - 53?
-55
In base 3, what is 0 + -212120?
-212120
In base 13, what is 5c - -22?
81
In base 13, what is 25 - -5?
2a
In base 8, what is 511 - -6?
517
In base 8, what is 1047 + 5?
1054
In base 8, what is -13 - 46?
-61
In base 3, what is -2 + -1202?
-1211
In base 10, what is 3 + 179?
182
In base 7, what is -5 - 3141?
-3146
In base 4, what is 202 - 3?
133
In base 10, what is 515 - -28?
543
In base 11, what is -634 - -2?
-632
In base 10, what is -5 - 224?
-229
In base 15, what is -5 - a0?
-a5
In base 7, what is 1 - -52?
53
In base 10, what is -23 - 0?
-23
In base 7, what is 6 + 140?
146
In base 6, what is 21 - 4?
13
In base 14, what is -1b2 - 5?
-1b7
In base 13, what is -58 + -27?
-82
In base 13, what is 1a6 - 8?
19b
In base 10, what is -5 + 918?
913
In base 15, what is -42 + 132?
e0
In base 11, what is -1a8 - -4?
-1a4
In base 9, what is -306 - 1?
-307
In base 4, what is 10 + -123112?
-123102
In base 3, what is -10212201 + 12?
-10212112
In base 16, what is -7fb - 0?
-7fb
In base 6, what is 42 - -1225?
1311
In base 6, what is 532 - 54?
434
In base 9, what is -128 + -58?
-187
In base 4, what is 11332301 - -11?
11332312
In base 15, what is 3aa - 5?
3a5
In base 8, what is -1 + 1176?
1175
In base 9, what is 4 + 804?
808
In base 9, what is -4216 + -2?
-4218
In base 15, what is 7 + -1188?
-1181
In base 13, what is -4 - 40?
-44
In base 4, what is -303 + -1?
-310
In base 8, what is 0 + -2107?
-2107
In base 14, what is 29 - 14?
15
In base 14, what is -4 + -22?
-26
In base 8, what is -63 + -47?
-132
In base 6, what is 2 - 1303?
-1301
In base 14, what is 8 + 32?
3a
In base 13, what is 4 - -a?
11
In base 5, what is 44 - -1?
100
In base 9, what is -346 - -1?
-345
In base 13, what is -10 + -b8?
-c8
In base 6, what is -1150 + -1?
-1151
In base 2, what is -1000100 + -10110?
-1011010
In base 15, what is 1 + 63?
64
In base 7, what is -25 - -1?
-24
In base 14, what is -5 - 21c?
-223
In base 11, what is 117 - -1?
118
In base 3, what is 10 - 0?
10
In base 7, what is -4 + 456?
452
In base 2, what is 1 - -10100011?
10100100
In base 11, what is 2 - 269?
-267
In base 3, what is -1220120 - 1?
-1220121
In base 5, what is -10 + -123?
-133
In base 2, what is -10000 - 11100?
-101100
In base 8, what is 23 + 13?
36
In base 2, what is 1000001100 + 11?
1000001111
In base 8, what is -14 - -6?
-6
In base 7, what is 24006 - -5?
24014
In base 10, what is 63 - 8?
55
In base 3, what is 1002 - 2222?
-1220
In base 14, what is 22d - 3?
22a
In base 11, what is 439 + -5?
434
In base 7, what is -2362 + 1?
-2361
In base 7, what is -444 - -4?
-440
In base 15, what is -8d + -4?
-92
In base 5, what is 11433 - -1?
11434
In base 12, what is 8 - -95?
a1
In base 14, what is -104 + 12?
-d2
In base 6, what is -15 + -112?
-131
In base 9, what is -2013 - 0?
-2013
In base 10, what is -7 + 159?
152
In base 14, what is -9 - -45?
3a
In base 12, what is 2a6 - 1?
2a5
In base 7, what is -14336 + 4?
-14332
In base 5, what is 320 + 10?
330
In base 14, what is 2c3c - -2?
2c40
In base 2, what is -1101 + 100000?
10011
In base 16, what is 18b - 0?
18b
In base 15, what is 902 + 5?
907
In base 16, what is -8 + be5?
bdd
In base 6, what is -22 - 1335?
-1401
In base 16, what is -79 + 4?
-75
In base 16, what is 24 - 4?
20
In base 11, what is 160 - 3?
158
In base 8, what is 326 + -1?
325
In base 8, what is 3 - -1563?
1566
In base 4, what is 201 - 132?
3
In base 12, what is 25 + -b?
16
In base 6, what is -2255 - 12?
-2311
In base 13, what is -4 + -2?
-6
In base 5, what is 11041 - -4?
11100
In base 10, what is 222 - 97?
125
In base 5, what is 1104 + -24?
1030
In base 12, what is 130 - 0?
130
In base 12, what is 0 + 23?
23
In base 3, what is 122111 + -12?
122022
In base 16, what is 2 - 17?
-15
In base 6, what is 1255151 - -5?
1255200
In base 7, what is -36 + -602?
-641
In base 13, what is a220 + -5?
a218
In base 7, what is -1 - -20?
16
In base 12, what is -4 - -13?
b
In base 9, what is 234 + 14?
248
In base 13, what is -4 + -54?
-58
In base 14, what is -139 - -2?
-137
In base 8, what is 4 - 60?
-54
In base 13, what is 1 - -2c?
30
In base 14, what is -2 - 30?
-32
In base 15, what is -20d + 4?
-209
In base 4, what is -110 - 12113?
-12223
In base 12, what is -9a2b - -2?
-9a29
In base 15, what is 4 + -5ca?
-5c6
In base 3, what is -1202 - 20?
-1222
In base 15, what is -7 + -40?
-47
In base 15, what is -2 + -42?
-44
In base 13, what is 258 - 3?
255
In base 2, what is 100100110101 - 11?
100100110010
In base 10, what is 2056 - 1?
2055
In base 5, what is -40 - -142?
102
In base 14, what is d03 + 9?
d0c
In base 7, what is 122 - 23?
66
In base 9, what is 45 + -61?
-15
In base 6, what is -35 + -11?
-50
In base 12, what is 328 - 1?
327
In base 11, what is -1 - a4?
-a5
In base 14, what is -28b1 + -5?
-28b6
In base 8, what is -4 - -72?
66
In base 4, what is 1310 + 1002?
2312
In base 2, what is 101 - -100101?
101010
In base 10, what is 144 - -33?
177
In base 12, what is -4 + 366?
362
In base 1